 the greatest common factor of 15191984 and 13392.
496
What is the greatest common factor of 13930801 and 92?
23
What is the highest common divisor of 30495 and 22972686?
321
Calculate the highest common factor of 5180 and 829905930.
2590
What is the highest common factor of 25765173 and 63?
63
Calculate the greatest common divisor of 1158102 and 902.
22
What is the greatest common factor of 11256 and 6124671?
1407
What is the greatest common divisor of 887437 and 19871?
31
What is the highest common divisor of 17488 and 2458157?
1093
Calculate the highest common factor of 31021 and 24991.
67
What is the highest common factor of 3252 and 3471727884?
3252
What is the highest common divisor of 13 and 1766154936?
13
Calculate the greatest common factor of 826 and 5432956.
118
What is the highest common divisor of 53628 and 1632711?
327
What is the highest common factor of 644817 and 3?
3
What is the greatest common divisor of 465 and 31395?
15
Calculate the highest common divisor of 11360 and 112430.
10
Calculate the highest common divisor of 668658 and 234.
6
Calculate the greatest common factor of 12420660 and 420.
420
Calculate the greatest common divisor of 2150160 and 310675.
1445
What is the highest common divisor of 55359 and 2718?
9
Calculate the highest common divisor of 45760 and 1457040.
1040
Calculate the greatest common factor of 83 and 197569382.
83
Calculate the highest common divisor of 162 and 6620643.
27
Calculate the greatest common factor of 5792 and 1935614.
362
Calculate the greatest common divisor of 39140 and 2311480.
20
Calculate the greatest common divisor of 1344 and 268512.
96
What is the greatest common factor of 208 and 203567?
13
Calculate the highest common divisor of 31 and 751604951.
31
Calculate the highest common factor of 203 and 14791363.
29
What is the highest common factor of 1085 and 799559285?
1085
Calculate the highest common factor of 8445 and 485035197.
1689
What is the highest common factor of 6508636 and 11904?
124
What is the highest common divisor of 4925433 and 18?
3
Calculate the greatest common factor of 5778 and 8796618.
18
What is the highest common divisor of 97858 and 4859?
113
What is the greatest common divisor of 1 and 16651639?
1
Calculate the highest common divisor of 1326 and 59087444.
442
What is the highest common divisor of 3294145 and 8815?
205
Calculate the highest common factor of 14025140 and 160.
20
What is the highest common divisor of 3352964 and 13273?
1021
Calculate the highest common divisor of 470394 and 123078.
1686
Calculate the highest common divisor of 1659988 and 1276.
44
What is the highest common divisor of 328 and 1058474040?
328
Calculate the highest common factor of 2343 and 15457772.
11
What is the highest common divisor of 1646123 and 158?
79
What is the highest common factor of 1038 and 19243309?
173
What is the greatest common divisor of 2193732 and 222?
6
What is the highest common factor of 48472648 and 6517?
133
What is the highest common divisor of 3948633 and 171?
9
Calculate the highest common factor of 309935 and 35.
5
What is the highest common factor of 5140420 and 558?
62
What is the highest common divisor of 1271500 and 600?
100
What is the greatest common factor of 133 and 1814575?
7
Calculate the greatest common factor of 113897 and 58618.
371
Calculate the highest common divisor of 2727 and 1684983.
303
Calculate the greatest common divisor of 616 and 4176858.
14
Calculate the greatest common divisor of 2236 and 165438.
26
Calculate the highest common factor of 3960 and 33219576.
72
Calculate the highest common divisor of 919551195 and 3330.
1665
Calculate the highest common factor of 1925512 and 5126.
466
What is the greatest common divisor of 466634 and 574?
14
What is the greatest common divisor of 164727598 and 29?
29
Calculate the greatest common divisor of 5913604 and 3437.
491
Calculate the greatest common divisor of 62857 and 192634.
239
What is the greatest common factor of 4856454 and 1220?
122
Calculate the greatest common divisor of 49 and 5994023.
49
What is the greatest common divisor of 1539 and 213799581?
81
Calculate the highest common divisor of 886869 and 837.
27
What is the highest common divisor of 13130000 and 68000?
2000
Calculate the greatest common factor of 146256 and 8408.
8
What is the greatest common divisor of 11725 and 4246125?
1675
Calculate the greatest common factor of 39455 and 121277.
13
Calculate the highest common factor of 7908676 and 26.
2
What is the highest common factor of 5968739 and 77?
7
What is the highest common factor of 703395 and 1089?
99
Calculate the greatest common divisor of 663 and 52843089.
663
Calculate the greatest common factor of 637 and 51770166.
49
What is the highest common factor of 292119134 and 284?
142
Calculate the greatest common factor of 154151739 and 42.
21
What is the highest common factor of 934322 and 1602?
178
Calculate the highest common factor of 19278 and 1650054.
714
What is the highest common factor of 13086 and 179478?
18
What is the highest common factor of 261 and 3539439?
9
Calculate the greatest common factor of 1504418 and 13298.
218
Calculate the greatest common factor of 3142620 and 130.
130
Calculate the highest common factor of 794 and 1439489446.
794
What is the highest common factor of 528 and 38539644?
132
What is the highest common divisor of 63422260 and 220?
220
What is the highest common divisor of 215688374 and 44?
22
Calculate the greatest common factor of 20220 and 9248628.
4044
Calculate the greatest common divisor of 24035 and 2799555.
1045
What is the highest common factor of 711802 and 273?
91
What is the highest common divisor of 21001383 and 221?
13
Calculate the highest common factor of 690115376 and 64.
16
What is the highest common divisor of 6 and 1238582946?
6
Calculate the greatest common factor of 184 and 49544.
8
What is the greatest common factor of 274218618 and 333?
111
Calculate the greatest common divisor of 269168440 and 475.
95
Calculate the highest common divisor of 13187439 and 2034.
1017
What is the highest common factor of 11 and 21135323?
11
What is the greatest common factor of 76816 and 21446067?
4801
Calculate the highest common factor of 614 and 10422957.
307
What is the greatest common divisor of 868 and 513436?
28
What is the highest common divisor of 8731877 and 3171?
1057
Calculate the highest common divisor of 22255251 and 13243.
779
What is the greatest common factor of 1014 and 115130405?
169
What is the highest common divisor of 2133 and 735543?
9
Calculate the greatest common factor of 84 and 337325289.
21
What is the highest common divisor of 6980 and 853305?
1745
What is the greatest common divisor of 12238 and 601344?
58
Calculate the greatest common divisor of 84556 and 18132.
4
Calculate the greatest common factor of 91949895 and 10.
5
What is the greatest common divisor of 631 and 687672634?
631
What is the greatest common factor of 395 and 19883905?
395
Calculate the highest common factor of 35459280 and 72.
72
Calculate the highest common factor of 7059627 and 13021.
449
Calculate the greatest common divisor of 4440 and 1142940.
60
What is the greatest common factor of 12305566 and 1066?
26
What is the greatest common divisor of 52874874 and 4914?
234
What is the greatest common divisor of 54085 and 397991?
373
Calculate the highest common factor of 8415 and 110073810.
2805
What is the greatest common factor of 5248 and 362686?
82
What is the greatest common factor of 22226 and 1339638811?
11113
Calculate the highest common factor of 215166 and 3486147.
2289
Calculate the highest common divisor of 98428 and 1066076.
44
Calculate the greatest common factor of 7 and 427659421.
7
What is the highest common factor of 41453140 and 320?
20
Calculate the highest common divisor of 2564595 and 2243340.
5445
Calculate the highest common factor of 1782 and 1904562.
198
What is the greatest common divisor of 53403762 and 186?
186
Calculate the highest common factor of 55913 and 16524833.
5083
Calculate the highest common factor of 610815 and 2055937.
947
Calculate the greatest common factor of 30927269 and 59.
59
What is the greatest common divisor of 2054 and 15762238?
158
What is the greatest common fac